 29?
18
Calculate the remainder when 248*30/40 - 7 is divided by 26.
23
Suppose -1012 + 40 = -12*g. Calculate the remainder when g is divided by 26.
3
Suppose -5 = 5*r + 5. Calculate the remainder when 7 is divided by ((-10)/(-35))/(r/(-28)).
3
Let g(h) = 21*h**2 - 4*h - 68. What is the remainder when g(-10) is divided by 61?
59
What is the remainder when 276 is divided by (4588/222)/(2*(-1)/(-3))?
28
What is the remainder when (2097/9)/(2 - 1) is divided by 13?
12
What is the remainder when (-415)/(-5) - (12 + -18) is divided by 47?
42
Suppose 22 = -4*s + 234. Let i = s - 47. What is the remainder when 20 is divided by i?
2
Let d = -3293 + 4804. What is the remainder when d is divided by 56?
55
Suppose -5*a - 4 = -a, -5*d + 31 = -a. Suppose d*l - 4*l - 4 = 0. What is the remainder when 4 is divided by l?
0
Suppose 29*j - 19*j = 220. What is the remainder when j is divided by 6/(-18) + (-44)/(-6)?
1
Let z be (-72)/(-33) - 4/22. Let t = 204 + -72. Suppose t = 5*m - z*m. Calculate the remainder when m is divided by 16.
12
Let h be (0 - 5)*4/5. Let i be (-53 + 1)*(-10)/h. Calculate the remainder when (i/(-25))/(3/45) is divided by 20.
18
Let x = 4444 + -4442. Let n = 5 + -1. Calculate the remainder when 29/n + (-2)/8 is divided by x.
1
Suppose -6 = -3*o + 4*s + s, 5*s = 4*o - 8. Suppose -4 = 5*f - 14. What is the remainder when f is divided by o?
0
Let u be (-9)/(-5) - 3/(-15). Let t = u + 8. Let d(v) = 12*v + 1. What is the remainder when d(3) is divided by t?
7
Let n(j) = -21*j**3 + 2*j**2 + j. Let q be -2 + 12/2 + -1. What is the remainder when 86 - (-2 + q)/1 is divided by n(-1)?
19
Let p be (0 + 1/2)*0. Suppose -5*d - 25 = -4*u, 0 = -p*u - 4*u + 4*d + 24. Calculate the remainder when 29 is divided by u.
4
Let y be 18/8 + 4/(-16). Suppose -h - 2*g = -2 - 8, -y*g = 5*h - 82. Calculate the remainder when h is divided by ((-4)/(-10))/((-3)/(-75)).
8
Suppose -3*z + 156 = 2*b, -b - 3*z + 79 = -z. What is the remainder when b is divided by 6?
3
Let f = -320 + 543. Calculate the remainder when f is divided by 57.
52
Let c = -162 - -198. What is the remainder when 77 is divided by c?
5
Let s = 82 + -96. Let y(n) = n**2 - 2. Calculate the remainder when (-3800)/(-28) + -1 + (-4)/s is divided by y(-6).
33
Suppose 0 = t + 4*v - 8, t = 2*t - 5*v + 1. Suppose s - 4*m = -m + 46, -t*s - 3*m + 139 = 0. Calculate the remainder when s is divided by (-2 - (-12)/8)*-40.
17
Suppose 0 = 5*c - 459 - 361. Calculate the remainder when c is divided by 33.
32
Let p = 710 - 650. What is the remainder when 182 is divided by p?
2
Let b(l) = -15*l**3 - 2*l**2 + l + 1. Let t be b(1). Calculate the remainder when 23 is divided by (-62)/t - 4 - (-236)/30.
7
Let a = -22 + 37. Let b = a - -8. Suppose -5 = d - b. What is the remainder when 51 is divided by d?
15
Let l(n) = 7*n**3 - 4*n**2 - 18*n + 19. Suppose -221 = -3*c - 2*g, -2*g = -5*c - 0*g + 379. What is the remainder when c is divided by l(2)?
6
Let w(p) = 13*p - 11. Let u = -33 - -35. Calculate the remainder when w(u) is divided by 10.
5
Let t = 261 - 219. Calculate the remainder when t is divided by 23.
19
Suppose 4*t + 161 = 27*t. What is the remainder when 41 is divided by t?
6
Suppose 1 = -7*j + 92. Suppose 34 + 1 = 5*s. Let y(c) = -c**3 + 9*c**2 - 8*c + 7. Calculate the remainder when y(s) is divided by j.
10
What is the remainder when 1539/95 - 16 - 2214/(-5) is divided by 15?
8
Let l = -763 - -1200. What is the remainder when l is divided by 88?
85
Let l = -1225 + 1547. Calculate the remainder when l is divided by 9.
7
Let v = -2815 + 2898. What is the remainder when v is divided by (1*-2)/2 + 18?
15
Let a = -41 + 71. Let y = -4800 - -4857. What is the remainder when y is divided by a?
27
What is the remainder when 205 is divided by (-3992)/(-64) - 3/8 - -4?
7
Suppose 568 = -52*a + 56*a. Suppose -a - 4 = -2*c. Calculate the remainder when c is divided by 25.
23
Let v = -302 - -397. Calculate the remainder when v is divided by 49.
46
Suppose 12*q + 1725 = 15*q. Calculate the remainder when q is divided by 34.
31
Let c(u) = -u**3 + 4*u - u**2 + 4*u**2 + 3*u + 2*u**2 + 8. Calculate the remainder when 83 is divided by c(6).
13
Let b = 273 + -267. Calculate the remainder when b is divided by 3.
0
Let y(b) = 2*b**2 - 2*b - 5. Let d = -9 - 21. Let j = -11 - d. Calculate the remainder when y(-5) is divided by j.
17
Suppose 5*n - 112 = -2*n. Let b = -6 + n. Calculate the remainder when 24 is divided by b.
4
Calculate the remainder when 3 - (-3 - (1 - -60)) is divided by 15.
7
Let w(b) = -b. What is the remainder when 68 is divided by w(-8)?
4
Let r(c) = -c**3 + 23*c**2 - 24*c - 4. What is the remainder when r(21) is divided by 27?
23
Let h = -251 + 289. Calculate the remainder when h is divided by 6.
2
Let g = -30 - -18. What is the remainder when 31 is divided by (-2)/(-7)*7 - g?
3
Let g(p) = p - 6. Let z be g(5). Let v(s) = -3*s - 2. Let h be v(z). Let o(i) = i**2 + 1. What is the remainder when 2 is divided by o(h)?
0
Let m(d) = -d**2 + 15*d + 64. Let u = 55 - 37. Calculate the remainder when 16 is divided by m(u).
6
Suppose 8*x - 995 = 109. Calculate the remainder when x is divided by 40.
18
Let q(v) = 18*v**3 + v**2 - 2*v + 4. Calculate the remainder when q(2) is divided by 75.
73
Let i = -3 + -1. What is the remainder when (-22 - (8/i)/(-1))*-1 is divided by 13?
11
Let m(z) = -199*z**3 - z**2 + z + 1. Let o be m(-1). Suppose o = 5*r + 38. What is the remainder when r is divided by 2/8 + (-134)/(-8)?
15
Suppose -12*s - 21*s = -165. Calculate the remainder when 649 is divided by s.
4
Suppose 0 = -4*t - 15 + 3. Let w = -1793 - -1833. Calculate the remainder when w is divided by -3*(22/t)/2.
7
Let m = -3 + 14. Let v = -1 - 1. What is the remainder when (7/(-2))/(v/24) is divided by m?
9
Suppose 5*n + 4*s = 55, -7*s = -2*s. Calculate the remainder when 41 is divided by n.
8
Let a(z) = 3*z - 1. Let f be a(5). Let r = -7 + f. Calculate the remainder when 2*1*(-55)/(-10) is divided by r.
4
What is the remainder when 57 is divided by (64/5 - 0)/((-28)/(-70))?
25
Suppose 3259*j + 3536 = 3267*j. What is the remainder when j is divided by 5?
2
Suppose m = -3*r - 3, -3*r - 5 = -5*m - 20. Let h be (-15 + 14)*(r + -3). What is the remainder when 12 is divided by (-1)/h + 22/3?
5
Let d(x) = -x**3 + 17*x**2 - 15*x - 22. Let s be d(16). What is the remainder when 257 is divided by 1/(-6) + (-223)/s?
35
Let x be 5 - 14/7 - 39*-3. Suppose -x = -20*w + 16*w. What is the remainder when w is divided by 17?
13
Let g = -13 - -55. Suppose -48*q + 1541 = -13*q - 5739. Calculate the remainder when q is divided by g.
40
Let a be 5 + -1 - 40/10. Suppose a*r - 4*r = -56. What is the remainder when r is divided by -2*(-1)/(6/15)?
4
Let m(x) = x**3 + 14*x**2 + 2*x - 12. What is the remainder when m(-13) is divided by 45?
41
Let w(b) = 10*b + 5. Suppose 3*r - 18 = -2*s, -3*r + 4*s = -5*r + 20. Calculate the remainder when w(r) is divided by 12.
9
Let l(x) = 3*x**3 + 1. Suppose -406 + 472 = 5*g - 3*d, 81 = 5*g + 2*d. What is the remainder when g is divided by l(1)?
3
Suppose 0 = -3*z + r + 217, 2*r = z - 3*r - 63. Calculate the remainder when z is divided by 38.
35
Suppose 4*q - 67 = 9. Let s be ((-3)/9 - 8/(-6))*0. Suppose -281*w + 280*w + 11 = s. Calculate the remainder when q is divided by w.
8
Let w(q) = q**3 - 4*q**2 - 5*q - 2. Let d be -15 + 19 - 1*-1. Let u be w(d). Let z = u - -8. Calculate the remainder when 10 is divided by z.
4
Let m(t) be the second derivative of -t**4/12 + t**3 + 3*t**2/2 - 2*t. Suppose 3*d - 62 = d. What is the remainder when d is divided by m(4)?
9
Suppose s - 60 = -2*s - 4*f, 3*s + 5*f - 63 = 0. Let g = 29 - s. Calculate the remainder when 47 is divided by g.
8
Calculate the remainder when 215 is divided by 240/14 + (-120)/(-140).
17
Let b = -9 - -24. Let a = 15 + -11. Calculate the remainder when b is divided by a.
3
Suppose -5*w - 23 = -f, 0 = 4*f - 3*w + 4 - 28. Suppose f*l + 0*n = -2*n + 31, 0 = 4*l - n - 23. Calculate the remainder when 11 is divided by l.
4
Let s = 455 - 442. What is the remainder when 4/(-22) + 1064/44 is divided by s?
11
Suppose 13*o = 2391 + 365. What is the remainder when o is divided by 43?
40
Let m = -20 - -23. Suppose -4 = -4*g - 0. What is the remainder when m is divided by g?
0
Let 